is 1 - 8?
-7
In base 12, what is -5 + -140?
-145
In base 2, what is 1101001100 + -10?
1101001010
In base 12, what is -71 - -10?
-61
In base 15, what is 8 - 2e?
-26
In base 14, what is -2 - -21cb?
21c9
In base 12, what is -97 - 6?
-a1
In base 2, what is 110111101 - 10?
110111011
In base 6, what is 3 - 10152?
-10145
In base 4, what is -102 + -2?
-110
In base 2, what is 10 - 11001000?
-11000110
In base 9, what is -4044 - 4?
-4048
In base 4, what is 0 - 101332?
-101332
In base 7, what is 51034 + 1?
51035
In base 4, what is 32030 - 11?
32013
In base 16, what is e6 - 4?
e2
In base 7, what is 1136 + 5?
1144
In base 9, what is -167 - 1?
-168
In base 11, what is 3 - -30?
33
In base 2, what is 11010110 - -10010?
11101000
In base 9, what is 1626 - 4?
1622
In base 11, what is -57 - -11?
-46
In base 4, what is 1110 + -3?
1101
In base 5, what is -43 - -13132?
13034
In base 5, what is -2 + 121203?
121201
In base 7, what is -121321 + -3?
-121324
In base 12, what is 1 + -80?
-7b
In base 16, what is -4 - 6b?
-6f
In base 11, what is -9 - -255?
247
In base 2, what is -101 + -111101111?
-111110100
In base 8, what is 3 - -117?
122
In base 3, what is 0 - -2010?
2010
In base 12, what is -88 + 19?
-6b
In base 3, what is -20 + -20001?
-20021
In base 4, what is 1311 + 211?
2122
In base 11, what is -1 + 5a5a?
5a59
In base 4, what is -11 - 102201?
-102212
In base 6, what is -3 + -2244?
-2251
In base 4, what is -32 + -123?
-221
In base 10, what is 49 - 9?
40
In base 3, what is -22 + 200?
101
In base 7, what is 16554 + -3?
16551
In base 14, what is -502 - 1?
-503
In base 2, what is 11 - -1000000100101?
1000000101000
In base 6, what is -355 + 2?
-353
In base 7, what is 112 + 1?
113
In base 14, what is 26 - 101?
-b9
In base 6, what is -21 + 505?
444
In base 6, what is 5 + -25422?
-25413
In base 10, what is -2 + -2539?
-2541
In base 7, what is 1 + -246?
-245
In base 13, what is 806 + 3?
809
In base 12, what is 5 + -1466?
-1461
In base 6, what is 1 - -32?
33
In base 10, what is 127 + -5?
122
In base 16, what is -219f + -1?
-21a0
In base 5, what is 10 + 1412?
1422
In base 14, what is -8d9b + -1?
-8d9c
In base 13, what is -5 + -4a?
-52
In base 13, what is -2c6 + 2?
-2c4
In base 3, what is 12 - 10000?
-2211
In base 11, what is 18 + -6?
12
In base 6, what is 0 - -211?
211
In base 9, what is -4 + 251?
246
In base 13, what is -5c - -3?
-59
In base 3, what is 2 - 200?
-121
In base 3, what is 1220 - -21?
2011
In base 10, what is 16 - 15?
1
In base 9, what is -1 + 8?
7
In base 11, what is 5a + 5?
64
In base 7, what is 3 + -502?
-466
In base 16, what is 1 + -8c?
-8b
In base 14, what is 2d4 - -3?
2d7
In base 9, what is -4 - -104?
100
In base 13, what is 16 - -5?
1b
In base 16, what is f - 3?
c
In base 3, what is -2 - 10010?
-10012
In base 12, what is -4 - 449?
-451
In base 13, what is -20b + 5?
-206
In base 10, what is -3 - 58?
-61
In base 4, what is 3023 - -11?
3100
In base 4, what is -1231 + -1?
-1232
In base 4, what is 132 - 22?
110
In base 11, what is 100a + -5?
1005
In base 13, what is -b + -125?
-133
In base 16, what is 1c + -10?
c
In base 6, what is 0 - -140?
140
In base 7, what is 131 + -10?
121
In base 13, what is -26 + 24?
-2
In base 10, what is -37 - -5?
-32
In base 5, what is 30440 - 3?
30432
In base 3, what is -210 - 101?
-1011
In base 13, what is 91 + -5?
89
In base 9, what is -24 + 1?
-23
In base 13, what is 3 + 14?
17
In base 13, what is 9a1 + 6?
9a7
In base 14, what is 4 + 33?
37
In base 6, what is 2 + 4332?
4334
In base 16, what is a8 + 2?
aa
In base 3, what is 212 - -12?
1001
In base 4, what is 133012 + -2?
133010
In base 16, what is -2 - -11?
f
In base 15, what is -9 - 62?
-6b
In base 3, what is -10 + 1101?
1021
In base 9, what is 32 + -2?
30
In base 16, what is -4 + -3f?
-43
In base 11, what is 260 + 16?
276
In base 15, what is -10 + -1d1?
-1e1
In base 6, what is 4 - 35305?
-35301
In base 10, what is 7 + 22?
29
In base 8, what is 174 + -62?
112
In base 12, what is 25b3 + 0?
25b3
In base 11, what is 45 + -14?
31
In base 16, what is -1 + -21d?
-21e
In base 13, what is 2 - 824?
-822
In base 16, what is 2b + -3?
28
In base 8, what is 4 - 2260?
-2254
In base 13, what is 30 - -67?
97
In base 6, what is 0 - -235?
235
In base 13, what is 103 - 2?
101
In base 11, what is 1a79 - 0?
1a79
In base 7, what is -5 + 42?
34
In base 2, what is -101110 + 11?
-101011
In base 6, what is 3 + -1003?
-1000
In base 12, what is 47b3 - 0?
47b3
In base 9, what is 283 + 3?
286
In base 2, what is 10101010100 - 10100?
10101000000
In base 12, what is -5 - -187?
182
In base 13, what is -9 - -68?
5c
In base 7, what is 153 - 2?
151
In base 7, what is -2033 + -11?
-2044
In base 14, what is 369 - -10?
379
In base 7, what is 1 + -10116?
-10115
In base 4, what is 11 + -212032?
-212021
In base 14, what is -2b + 266?
239
In base 6, what is 1155 - -120?
1315
In base 4, what is 3 + -120002?
-113333
In base 6, what is -223 + -530?
-1153
In base 3, what is 2112222 + -111?
2112111
In base 15, what is 3 + 31?
34
In base 8, what is 6 + -1247?
-1241
In base 15, what is -4aa + 5?
-4a5
In base 8, what is 1 + 264?
265
In base 7, what is -35 + -55?
-123
In base 16, what is -43b - -5?
-436
In base 3, what is -101212 + -1?
-101220
In base 15, what is -96 + 1?
-95
In base 15, what is 7 - 66?
-5e
In base 13, what is -33 + 10?
-23
In base 7, what is -1 - -554?
553
In base 9, what is 4 - -344?
348
In base 12, what is -87 + 1b?
-68
In base 7, what is -11155 - 0?
-11155
In base 4, what is 13 - -223?
302
In base 15, what is d9 + 5?
de
In base 11, what is 2 - -a78?
a7a
In base 16, what is 9b + -13?
88
In base 14, what is 15 + -b?
8
In base 2, what is -100 + 11111110?
11111010
In base 6, what is 3 - 135?
-132
In base 12, what is 5b7 - 3?
5b4
In base 13, what is 544 - -4?
548
In base 9, what is -4 - -8883?
8878
In base 5, what is 4 + -1330?
-1321
In base 8, what is 102 - 2?
100
In base 8, what is -6616 - -2?
-6614
In base 7, what is -145 - -2?
-143
In base 8, what is 57 - -655?
734
In base 11, what is -90 - 2?
-92
In base 11, what is -126 + 5?
-121
In base 10, what is 29 - 4?
25
In base 14, what is -6c - -68?
-4
In base 10, what is 24 + 64?
88
In base 15, what is 5 - -55?
5a
In base 4, what is -3 + -201112?
-201121
In base 4, what is -200 + 12?
-122
In base 7, what is 2114 + 2?
2116
In base 9, what is 344 - -3?
347
In base 10, what is -322 - 8?
-330
In base 16, what is 5 + -363?
-35e
In base 16, what is 18 - 12f?
-117
In base 2, what is 100 + -1011011000?
-1011010100
In base 10, what is 893 - 4?
889
In base 3, what is -10211 - 2?
-10220
In base 15, what is -2 + -4b?
-4d
In base 7, what is -1 - -1145?
1144
In base 15, what is -2 - -5a8?
5a6
In base 8, what is -2 + -270?
-272
In base 2, what is 111010101 - 1?
111010100
In base 5, what is -324203 + 1?
-324202
In base 16, what is -14b + 1e?
-12d
In base 15, what is 40 - 5?
3a
In base 10, what is 706 + 1?
707
In base 6, what is -5 - 41230?
-41235
In base 2, what is 11001011010 - -1?
11001011011
In base 16, what is -56a + -5?
-56f
In base 12, what is -9 + -8ab?
-8b8
In base 13, what is -59 + -26?
-82
In base 2, what is 1000 - 11011001?
-11010001
In base 5, what is 100410 + -2?
100403
In base 8, what is 56 + -2?
54
In base 11, what is -71 - 40?
-101
In base 8, what is -17 - 7?
-26
In base 13, what is -3 + b?
8
In base 16, what is 1a5 + -5?
1a0
In base 15, what is -bb + 4?
-b7
In base 2, what is 10001011 + 10000?
10011011
In base 4, what is 2023220 - -3?
2023223
In base 11, what is 106 + -5?
101
In base 13, what is 9 - -c9c?
ca8
In base 13, what is -2048 - 4?
-204c
In base 4, what is -2 + -2131?
-2133
In base 3, what is -222001 + 0?
-222001
In base 7, what is -546 + -1?
-550
In base 6, what is -121 - -12?
-105
In base 4, what is -11 + 1003?
332
In base 6, what is 1 + -242?
-241
In base 13, what is -b6 + -2?
-b8
In base 9, what is -40 - -2?
-37
In base 14, what is 3 + -7b?
-78
In base 4, what is 10 - -2203?
2213
In base 8, what is -40 + -131?
-171
In base 10, what is 160 - -3?
163
In base 6, what is 1140 - -1?
1141
In base 2, what is 101 - -10001001111?
10001010100
In base 6, what is -11341 - -3?
-11334
In base 9, what is -326 + -3?
-330
In base 8, what is -5 + -3026?
-3033
In base 9, what is -1 - 60?
-61
In base 16, what is f - -d8?
e7
In base 3, what is 12 + -200022?
-200010
In base 